ommon divisor of d and n.
13
Suppose -4 + 13 = 3*p. Suppose 0 = -4*a + p*a + 10. Let h = a + 12. What is the highest common factor of h and 154?
22
Suppose -3*v = -2*b - b - 129, -141 = -3*v + b. Let u be 1*(-3 - -5)/2. Calculate the greatest common divisor of u and v.
1
Let n = 2068 + -1711. Calculate the highest common divisor of n and 561.
51
Let w(h) = 2*h**2 + 14*h + 15. Let a be w(-7). Let y be ((-2574)/156)/(1/(-10)). What is the highest common factor of y and a?
15
Let d(f) = -f**2 + 12*f + 55. Suppose 5*o + 3*m = 81, o = -0*o - 4*m + 23. Let z be d(o). Calculate the greatest common factor of 160 and z.
10
Let z be 2/(5559/(-795) - -7). Let h = -173 + z. What is the greatest common divisor of h and 184?
92
Suppose -959*a + 960*a = 15. Suppose a = w - 3*o, 4*w + 0*o - 87 = 3*o. Calculate the greatest common factor of w and 8.
8
Let a = -117 + 197. Suppose 121 = 26*g + 17. Suppose -24 = -3*l - 4*d + 2*d, -3*l + g*d + 42 = 0. What is the highest common factor of a and l?
10
Let c = -3269 + 3270. What is the highest common divisor of c and 1?
1
Let k(z) = 989*z**2 + 28*z + 61. Let j be k(-2). What is the greatest common factor of 17 and j?
17
Let b = 29476 - 17581. Calculate the greatest common divisor of b and 13.
13
Let s(g) = -408*g - 12516. Let c be s(-31). Let u be (16 - 2) + -3 + 1. What is the greatest common factor of u and c?
12
Let x be (12 - (18 - -6))/((-3)/(-2)). Let q be x/10 - (1 - 5190/50). Calculate the highest common divisor of 153 and q.
51
Let n(r) = -6*r + 246. Let x be n(37). Let i be (-4)/(-20)*6*220. Calculate the highest common divisor of x and i.
24
Let z = -92 - -89. Let w be z + ((-335)/20)/((-2)/112). Calculate the highest common divisor of w and 85.
85
Let l(v) = v**3 + 8*v**2 - 23*v - 17. Let t be l(-10). Suppose -3*w + 661 = q, -8*w - 215 = -9*w - 3*q. Calculate the greatest common factor of t and w.
13
Suppose -1670*z + 1648*z = -6072. What is the greatest common factor of z and 60?
12
Suppose 8094 = -66*b + 37340 + 27778. Calculate the greatest common divisor of b and 1269.
27
Let d(k) be the second derivative of -k**3/6 + 20*k**2 - 50*k. Let j be d(4). What is the highest common factor of 4 and j?
4
Let f = 3193 - 3006. What is the highest common factor of 935 and f?
187
Let u be 202/8*(20 + -12). Suppose n - 2 + 0 = 0, -4*n = -5*q + u. What is the highest common factor of 63 and q?
21
Let k = 5750 - 5670. Calculate the greatest common divisor of 1620 and k.
20
Suppose -4*o - 270 = -9*o. Let b = -51 + o. What is the greatest common divisor of b and 57?
3
Let v be ((38/(-76))/(1/(-2)))/((-4)/(-28)). Calculate the greatest common divisor of 224 and v.
7
Let f(z) = 3*z**3 - 2*z**2 - 14*z + 26. Let m be f(2). Let i be (1 - -225) + -20 + m. What is the greatest common factor of i and 20?
20
Suppose a - 12 = 12. Let x be -15 + (-1)/(-4)*8. Let j be x/(-65) - 299/(-5). Calculate the highest common factor of j and a.
12
Suppose -2*c - 90 - 1364 = -3*x, -4*x = 2*c - 1906. What is the highest common divisor of 220 and x?
20
Let o = -11790 + 11835. Calculate the greatest common factor of 17370 and o.
45
Let f(c) = c**2 - 3*c + 3. Let r = -60 - -64. Let n be f(r). Suppose -n*q + 33 = 4*q. What is the greatest common factor of 2 and q?
1
Suppose 40 = 7*a + 3*a. Let f be 16/(-6)*(-6)/a + -1. Suppose 3*n - 4 = -n. Calculate the highest common factor of n and f.
1
Let f(i) = -7*i - 4. Let z(o) = 9*o + 3. Let y(x) = -4*f(x) - 3*z(x). Let h be y(39). Calculate the greatest common factor of h and 138.
46
Let u(m) be the third derivative of -m**5/60 + 9*m**4/8 - m**3/3 - 84*m**2. Let k be u(26). Calculate the highest common divisor of 2 and k.
2
Let x(w) = 5*w - 16. Let u(p) = -p + 3. Suppose 65 + 1 = 2*m. Let y(i) = m*u(i) + 6*x(i). Let s be y(-8). Calculate the greatest common divisor of 54 and s.
27
Let f(j) = -j**2 + j - 1. Let c(x) = -x**3 - 20*x**2 - 47*x - 1. Let w(r) = -c(r) + f(r). Let l be w(-10). What is the highest common factor of 120 and l?
60
Suppose -5*z + 20606 = -2*s, 0 = -2*z - 6*s + 4*s + 8234. Calculate the highest common divisor of 40 and z.
40
Let l be (-146)/(-4) + 53/(-106). Let b be (-114)/4*l/(-54). What is the highest common factor of 475 and b?
19
Suppose 3*p - 246 = 18. Let g = 109901 + -109846. Calculate the greatest common divisor of g and p.
11
Let a be 180*(119/21 - 9)*-1. What is the highest common divisor of 4520 and a?
40
Suppose -4*l = -215*b + 214*b - 1866, -1896 = -4*l + 4*b. Let u = 125 + -67. Calculate the greatest common divisor of u and l.
58
Suppose -99*b - 561 = 57*b - 1965. Let k = 12 - 7. Suppose 73 = k*z - 4*h - 115, z - 4*h - 44 = 0. What is the highest common factor of b and z?
9
Let p = 494 - 439. Let s(b) = -10*b + 1. Let f be s(-1). What is the highest common factor of p and f?
11
Let d(t) = t**2 + 19*t - 2146. Let u be d(38). What is the greatest common factor of u and 2230?
10
Let x(y) = 4*y**2 + 33. Let k be x(0). Suppose -43*d + 1080 = -k*d. What is the highest common factor of d and 9?
9
Let t = 225 + -198. Suppose 2*v - 4*f = 114, t = v + 3*f - 20. Calculate the greatest common factor of v and 159.
53
Let t(z) = -45*z - 24. Let v be t(-3). Suppose -363 = -21*d - v. Calculate the highest common divisor of 12 and d.
12
Let u = 121 - -27. Let i be (-7)/2*u/(-259). Suppose -253 = -4*z - c + 158, c + 201 = i*z. Calculate the greatest common divisor of 6 and z.
6
Let b be (-36)/(-30)*575/46. What is the highest common divisor of b and 915?
15
Suppose -4538 = -4*j + 3*s, -259*j - 4550 = -263*j + 5*s. What is the greatest common divisor of j and 50?
10
Let g(m) = 54*m + 341. Let d be g(11). Let j = 983 - d. Calculate the highest common factor of j and 4.
4
Suppose 29 + 101 = 26*j. Suppose 5*d = -2*l + 21 + 10, j*l - 25 = -5*d. Calculate the greatest common factor of 7 and d.
7
Suppose -58*q = -19*q - 195. What is the greatest common factor of q and 13?
1
Suppose -58*r + 55*r + 138 = 3*h, 3*h - 5*r = 170. What is the highest common divisor of 35 and h?
5
Let c be (10 + (-232)/24)/((28/(-528))/(-7)). Calculate the highest common divisor of c and 22.
22
Let l = -18823 - -18911. Calculate the greatest common divisor of 1624 and l.
8
Let r = -1080 - -1095. What is the highest common factor of r and 8535?
15
Let w(v) = v**3 - 20*v**2 + 2*v - 38. Let q be w(20). Suppose -7*s + 8*s - q = 0. Calculate the greatest common factor of 10 and s.
2
Suppose 20 = -0*j + 4*j. Let d be (-125)/(-100) - 735/(-4). Suppose -d = -5*u + 5*a, u + 2*a = 24 + 22. Calculate the greatest common divisor of j and u.
5
Suppose -2*g - 9370 = -2*f, 0 = f + g - 1080 - 3603. What is the greatest common divisor of 4 and f?
4
Let u(q) = 6 + 7 + q - 4*q + 6*q. Let w be u(0). Suppose 6 + 33 = w*c. What is the greatest common divisor of 6 and c?
3
Let b = -5 + 12. Suppose 24 - 17 = b*f. Suppose -27 = -7*k + f. What is the greatest common divisor of k and 20?
4
Let y(x) = 6*x + 84. Suppose 4*v = 4*i + 44, -2*i = 10*v - 5*v - 27. Let t be y(v). Calculate the greatest common divisor of 72 and t.
18
Let w be 2/(-8) + 180/16. Let r = w - 0. Let p(c) = -2*c + 53. Let k be p(10). Calculate the greatest common factor of r and k.
11
Suppose -4*g + 5*w + 37 = -2*g, -4*w = 3*g + 2. Let p be g*(-3 + -2)*6/(-12). Let b be (-8)/6 + 965/p. What is the greatest common factor of 7 and b?
7
Let v(d) = -d**2 + 8*d - 15. Let m be v(4). Let y(j) = 660*j**2 - 10*j + 10. Let q be y(m). Calculate the greatest common divisor of 66 and q.
66
Suppose -63 = 6*i - 9. Suppose 96 = 5*t - t + 4*p, 2*t = p + 33. Let v = i + t. Calculate the greatest common factor of 30 and v.
10
Let x = -77 - -86. Suppose -x*y = -320 + 50. Suppose 2*k = 3*o + 412 + 245, 0 = -3*k - 5*o + 995. What is the highest common factor of k and y?
30
Let u be (-15 - (-2145)/26)/(4/((-96)/(-9))). Calculate the highest common divisor of u and 2640.
60
Let a be 6/(-4) - (88/(-16) + 0). Suppose 4*g = -5*h + 1367, g + 3*h + 1005 = a*g. What is the highest common factor of 52 and g?
26
Let x(j) = 26*j**3 + j**2 + 4. Let c be x(-2). Let w = c + 350. Suppose 152*t = w*t + 378. What is the highest common divisor of t and 7?
7
Suppose 155*r - 265*r - 293*r = -44330. Let j be 115 - 2 - (4 + -1). Calculate the greatest common factor of j and r.
110
Suppose -l = -5*l - 4*d - 8, -20 